 126*x - 1825. Determine l(37).
99
Let l(s) = 1910*s - 5662. What is l(3)?
68
Let z(h) = -h**3 + 58*h**2 - 583*h + 4. Determine z(13).
30
Let d(i) = -2*i**2 + 11*i + 6. Determine d(5).
11
Let m(f) = -206*f - 607. What is m(-3)?
11
Let j(p) = p**3 + 19*p**2 + 30*p - 124. Calculate j(-17).
-56
Let k(f) = -f**3 - 11*f**2 + f - 8. What is k(-11)?
-19
Let j(r) = r**3 + 25*r**2 + 34*r - 280. Give j(-23).
-4
Let u(l) = l**3 - 17*l**2 - 871*l + 14807. Calculate u(17).
0
Let f(p) = -6*p**2 - 109*p - 41. Give f(-18).
-23
Let y(c) = c**3 - 11*c + 5. Calculate y(7).
271
Let k(g) = -8*g - 840. What is k(-35)?
-560
Let a(l) = 591*l + 8384. What is a(-14)?
110
Let h(m) = 3*m**3 - m**2 + 36*m - 226. Give h(5).
304
Let x(o) = 2*o**2 + 426*o + 2469. Determine x(-6).
-15
Let o(r) = r**3 - 31*r**2 - 102*r + 166. Calculate o(34).
166
Let z(l) = -3*l**3 - 76*l**2 - 200*l + 16. Calculate z(-3).
13
Let g(l) = -7*l**2 - 20*l + 225. What is g(-7)?
22
Let h(v) = 46*v - 7. What is h(0)?
-7
Let l(k) = 2*k**2 - 44*k + 202. Determine l(15).
-8
Let v(x) = -x**3 - 32*x**2 + 35*x + 41. Give v(-33).
-25
Let n(b) = 792*b - 8. What is n(0)?
-8
Let j(b) = 83*b - 145. What is j(3)?
104
Let w(c) = -59*c - 505. What is w(-9)?
26
Let m(o) = 58*o + 704. Calculate m(-13).
-50
Let b(i) = -i**2 - 85*i + 439. Give b(5).
-11
Let z(l) = 19*l**2 + l + 3. Calculate z(-1).
21
Let x(z) = -2*z**2 + 6*z + 23. Calculate x(5).
3
Let q(l) = -28*l**3 + 755*l**2 + 30*l - 70. What is q(27)?
11
Let d(t) = 175*t + 1176. What is d(-7)?
-49
Let t(n) = -32*n - 1265. Determine t(-37).
-81
Let z(s) = s**2 + 428*s + 2166. Calculate z(-5).
51
Let n(s) = -33*s + 664. Determine n(20).
4
Let c(m) = -32*m**2 + 5*m + 9. Give c(-2).
-129
Let g(c) = -6*c**2 - 81*c + 30. Give g(-14).
-12
Let s(m) = -38*m - 323. Calculate s(-9).
19
Let i(r) = -r**3 + 52*r**2 - 42*r + 84. Give i(51).
543
Let a(n) = 38*n + 4954. What is a(-132)?
-62
Let m(p) = 6*p**2 - 11076*p + 11077. Calculate m(1).
7
Let f(k) = k**3 + 2*k**2 - 14*k + 13. Give f(4).
53
Let a(k) = -k**2 - 1945*k - 46111. Determine a(-24).
-7
Let o(g) = g**2 - 2*g + 37. Determine o(8).
85
Let h(r) = r**2 + 37*r + 124. Calculate h(-8).
-108
Let t(b) = b**3 - 12*b**2 + 46*b - 35. What is t(8)?
77
Let z(k) = -1685*k - 10105. Give z(-6).
5
Let z(r) = 29*r + 276. Give z(-8).
44
Let h(p) = 3*p**3 - 17*p**2 + 8. Calculate h(5).
-42
Let x(o) = o**3 - 16*o**2 + 48*o - 5. Calculate x(12).
-5
Let g(j) = 119*j + 12559. Determine g(-105).
64
Let m(f) = 6*f**2 + 636*f + 1264. Determine m(-104).
16
Let l(r) = 5*r**2 - 178*r + 1498. Give l(22).
2
Let h(y) = y**3 + 61*y**2 + 6*y + 358. Give h(-61).
-8
Let n(j) = -16*j**3 + 78*j**2 + 17*j - 31. Give n(5).
4
Let u(m) = -m**2 - 96*m - 272. Calculate u(-93).
7
Let g(t) = 230*t - 39406. Calculate g(171).
-76
Let y(x) = x**2 - 2*x - 14. Calculate y(-4).
10
Let b(n) = 239*n + 1293. Determine b(-7).
-380
Let n(d) = 51*d + 136. Determine n(-2).
34
Let b(g) = -g**3 + 11*g**2 - 8*g + 100. Give b(11).
12
Let h(q) = 73*q + 484. What is h(-7)?
-27
Let h(g) = 6*g**2 + 8*g - 185. Give h(5).
5
Let f(c) = c**3 + 21*c**2 - 228*c + 79. What is f(-29)?
-37
Let f(q) = q**3 - 22*q**2 + 38*q + 179. Determine f(19).
-182
Let p(q) = 54*q**2 - 4538*q + 187. Determine p(84).
19
Let i(d) = 20*d**2 + 77*d - 302. Calculate i(4).
326
Let b(x) = 1307*x - 9145. Calculate b(7).
4
Let u(w) = -w**3 + 32*w**2 + 195*w - 329. Calculate u(37).
41
Let j(o) = -46*o + 72. Determine j(1).
26
Let w(f) = 18*f + 280. What is w(-5)?
190
Let f(b) = 650*b + 52646. Calculate f(-81).
-4
Let h(w) = 1376*w - 103208. Calculate h(75).
-8
Let a(u) = 7*u - 75. Give a(13).
16
Let l(z) = 380*z**2 + 15*z - 13. Calculate l(1).
382
Let g(n) = 133*n**3 - 3*n**2 - 17*n - 15. Calculate g(-1).
-134
Let b(t) = -t**3 - 50*t**2 + 159*t + 11. What is b(-53)?
11
Let z(t) = -t**3 + 24*t**2 - 25*t + 60. Determine z(23).
14
Let k(n) = -n**3 - 44*n**2 + 809*n - 175. Determine k(-58).
-1
Let z(p) = p**3 + 6*p**2 + 22*p + 61. What is z(-4)?
5
Let w(y) = -y**2 + 10*y + 104. Determine w(-6).
8
Let x(o) = -5*o**2 + 22*o + 1076. What is x(17)?
5
Let v(m) = 5*m**2 - 30*m - 16. Give v(5).
-41
Let o(p) = 1979*p + 5930. Determine o(-3).
-7
Let q(v) = 29*v - 755. Calculate q(25).
-30
Let l(r) = 40*r**2 - 6*r - 4. Determine l(-1).
42
Let f(n) = -129*n + 8471. What is f(65)?
86
Let n(g) = 2*g**2 + 12*g - 173. What is n(7)?
9
Let w(s) = -s**2 + 15*s + 7424. What is w(94)?
-2
Let w(b) = -678*b + 3980. Calculate w(6).
-88
Let s(o) = 3*o**3 - 3*o**2 + 100*o - 203. Determine s(2).
9
Let k(v) = -v**3 - 123*v**2 + 237*v - 1630. Calculate k(-125).
-5
Let o(j) = -j**2 + 9*j + 21. What is o(10)?
11
Let c(r) = -769*r + 7690. Give c(10).
0
Let y(i) = 3*i**3 + 12*i + 18. Give y(-2).
-30
Let v(m) = -1455*m - 29091. Give v(-20).
9
Let n(i) = 4*i - 8. Determine n(-4).
-24
Let b(s) = -s**3 + 10*s**2 + 30*s - 299. Determine b(10).
1
Let l(c) = c**3 - 2*c**2 - 46*c + 77. Determine l(7).
0
Let m(o) = -o**3 + 6*o**2 - 5*o + 59. What is m(5)?
59
Let r(h) = -h**3 - 64*h**2 - 489*h + 325. Calculate r(-55).
-5
Let y(m) = 75*m - 10645. Determine y(142).
5
Let g(o) = o**3 - 8*o**2 + 2*o - 80. Calculate g(0).
-80
Let i(s) = 3*s**2 + 10*s - 46. Determine i(-13).
331
Let g(n) = 14*n**2 + 185*n + 13. Determine g(-13).
-26
Let j(t) = -t**3 + 53*t**2 + 56*t - 109. Give j(54).
-1
Let p(t) = -t**3 + 7*t**2 + 17*t - 102. Calculate p(7).
17
Let h(j) = -2*j**2 + 98*j - 250. Determine h(7).
338
Let s(p) = -p**2 + 27*p + 174. Give s(-5).
14
Let n(x) = 4*x**2 - 13*x + 18. Calculate n(5).
53
Let k(n) = n**3 + 34*n**2 - 235*n + 200. What is k(-40)?
0
Let o(b) = -b**2 - 11*b. Calculate o(-5).
30
Let x(b) = 6*b**2 + 98*b + 48. Give x(-17).
116
Let q(m) = -m**3 + 45*m**2 - 122*m - 197. Give q(42).
-29
Let r(m) = 22*m + 194. Give r(0).
194
Let c(i) = i**3 - 20*i**2 - 53*i + 36. Determine c(22).
-162
Let z(m) = -3*m**2 + 840*m + 2549. Give z(-3).
2
Let r(k) = 6*k + 216. Determine r(-34).
12
Let f(m) = 73*m + 125. Determine f(1).
198
Let g(p) = -2*p**3 - 3*p**2 + 65*p + 43. Determine g(0).
43
Let b(k) = 44*k + 1026. Calculate b(-23).
14
Let a(o) = -2*o**3 - o**2 + 3*o + 18. What is a(4)?
-114
Let t(l) = -2*l**2 - 47*l - 171. Calculate t(-8).
77
Let w(t) = t**3 - 3*t**2 + 24*t + 34. Calculate w(0).
34
Let u(l) = -12*l**2 - 898*l + 160. Give u(-75).
10
Let q(r) = -33*r - 9990. Give q(-303).
9
Let d(l) = l**2 - 9*l - 4. Give d(-4).
48
Let c(h) = 12*h**2 + 92*h - 179. Determine c(2).
53
Let c(v) = v + 4. Determine c(7).
11
Let g(n) = 104*n - 1842. What is g(18)?
30
Let w(c) = 108*c**2 - 546*c + 28. Determine w(5).
-2
Let r(k) = k**2 + 13*k + 68. Give r(-4).
32
Let q(v) = -1828*v - 12836. Calculate q(-7).
-40
Let h(x) = -x**3 - 8*x**2 + 53*x + 54. Give h(-12).
-6
Let z(b) = -b**3 - 22*b**2 + 50*b + 36. Give z(-24).
-12
Let x(o) = -2*o**3 - 111*o**2 + 57*o + 43. Determine x(-56).
-13
Let h(s) = -s**3 + 60*s**2 + 126*s - 145. Calculate h(62).
-21
Let q(x) = -x**2 + 75*x + 2623. Determine q(101).
-3
Let n(l) = -l**3 + 16*l**2 + 151*l - 16. Determine n(-7).
54
Let y(u) = 1300*u + 12993. Calculate y(-10).
-7
Let o(x) = 3*x**2 + 47*x + 183. What is o(-8)?
-1
Let g(v) = -17*v - 170. What is g(13)?
-391
Let b(j) = 3*j**2 - 148*j - 5. Calculate b(48).
-197
Let d(l) = l**3 - 9*l**2 + 13*l - 26. Calculate d(9).
91
Let y(c) = -5*c**2 + 86*c - 472. Calculate y(10).
-112
Let h(a) = 8*a**3 + 2*a**2 + 12*a - 11. Determine h(1).
11
Let h(b) = -b**3 - 51*b**2 - 10*b - 563. Calculate h(-51).
-53
Let y(z) = z**2 - 169*z + 828. What is y(164)?
8
Let p(d) = -d**2 + 3*d - 14. Determine p(20).
-354
Let m(l) = -l**3 - 114*l**2 + 14*l + 1852. Calculate m(-114).
256
Let c(k) = -k**2 - 28*k + 58. Calculate c(-14).
254
Let j(m) = 10*m**2 - m + 5. Determine j(-2).
47
Let b(f) = -33*f - 626. Give b(-18).
-32
Let o(t) = 9*t**2 - 253*t + 13. What is o(28)?
-15
Let u(x) = -272*x + 5346. Determine u(19).
178
Let k(u) = -65*u**2 + 1040*u - 21. Determine k(16).
-21
Let d(b) = -2*b**3 - 67*b**2 - 33*b - 82. Calculate d(-33).
-82
Let v(f) = -f**3 + f**2 + 72*f + 27. Calculate v(9).
27
Let h(y) = 47*y + 986. What is h(-22)?
-48
Let t(n) = -10*n + 26. Give t(-15).
176
Let j(a) = 18*a**2 + 14*a - 21. Determine j(2).
79
Let p(d) = -9*d**2 - 29*d + 21. Calculate p(-4).
-7
Let h(f) = f**3 - 28*f**2 - 98*f + 169. Calcula